 divisor of a and r.
3
Let o = -21 - -43. What is the greatest common divisor of 2 and o?
2
Suppose 0 = -2*o + 3*o + 4*w + 19, -4*w = -4*o + 24. Let r = 2 + o. Suppose 4*a - 10 = -4*b + 26, 47 = 5*a + r*b. What is the highest common factor of 15 and a?
5
Let i = 39 - 27. Suppose -2*o = -5*w - 0*o + 428, 2*o = -8. What is the greatest common divisor of i and w?
12
Let j(x) = -7*x**3 + 1. Let n be j(-1). Calculate the highest common factor of n and 40.
8
Let d(u) = -7*u**3 - u**2 - u + 1. Let p be d(1). Let m = -3 - p. Calculate the highest common divisor of 35 and m.
5
Let w = 49 - -12. Let i = w + -37. What is the greatest common divisor of 6 and i?
6
Let i be (-7)/(21/(-198)) + -2. Let h = i + -34. Calculate the greatest common divisor of 10 and h.
10
Let o(u) = u**2 - 20*u + 35. Let a be o(19). Calculate the highest common factor of a and 4.
4
Let p = -13 + 15. Suppose 6*k - 24 = 2*k. Calculate the greatest common divisor of p and k.
2
Let s(q) = 8*q - 4. Let x be s(3). What is the highest common divisor of 5 and x?
5
Suppose c - 19 = -5*m, 5*m - 5*c + 8 = m. Calculate the greatest common divisor of 1 and m.
1
Let y = -53 - -141. Let o(f) = f**2 - 5*f + 5. Let x = 3 - -3. Let b be o(x). What is the highest common factor of b and y?
11
Let b = -4 - -2. Let n be 14/6 + b/6. Suppose n*s - 5*s + 53 = d, -s = -1. Calculate the highest common factor of d and 10.
10
Let n be (-6)/(-4)*(-4)/3. Let b be 2/1 - (n - 51). What is the greatest common divisor of 11 and b?
11
Let m = -31 + 76. Calculate the highest common divisor of 15 and m.
15
Let a(v) = 0*v - 3*v + 2 + 14 + 2*v. Let t be a(8). What is the highest common factor of t and 56?
8
Suppose 0 = -o + 20 - 4. What is the highest common divisor of o and 2?
2
Let p be (0 - (-24)/14)*175/50. What is the highest common factor of 9 and p?
3
Let t(p) = 4*p**3 - 10*p**2 + 2*p - 2. Let s be t(3). Calculate the highest common divisor of s and 88.
22
Let a be -6*-1*(-100)/(-24). What is the greatest common divisor of 175 and a?
25
Let s(z) = 16*z - 3. Let p be s(1). What is the highest common factor of 13 and p?
13
Suppose -5*j = -6 - 9. What is the highest common factor of j and 27?
3
Suppose 2*w - w - 2 = 0. Suppose 6 = 2*f + w. Suppose -39 + 8 = -5*c + 3*m, m = 3. Calculate the greatest common divisor of c and f.
2
Let v(a) = -a**3 - 6*a**2 + 2*a. Let z be v(-7). Calculate the highest common divisor of z and 14.
7
Let v(r) = -31*r - 4. Let f be v(-2). What is the highest common divisor of 145 and f?
29
Let a be 579/12 - 2/8. Suppose 0 = -v + 43 - 37. Calculate the highest common factor of v and a.
6
Let w be -2 - (1*-4 + -1). Let k(x) = -2 + w + x**2 + 5*x**3 + 0*x - 2*x. Let o be k(1). What is the highest common divisor of 55 and o?
5
Suppose 0 = -5*n - 8 - 22. Let u be (3/2)/(3/n). Let d be 16 + (-9)/(-3) + u. What is the highest common divisor of d and 2?
2
Let t be 112/52 + 4/(-26). What is the highest common divisor of t and 2?
2
Let h(i) = 3*i**2 - 3*i - 4. Let z be h(3). Calculate the greatest common divisor of 14 and z.
14
Let v(u) = -u**2 + 6*u - 3. Let q be v(5). Let m be 2 - (2/(-2) - 19). What is the highest common divisor of m and q?
2
Let u be ((-1)/(-2))/(1/10). Suppose u*z - b = b - 3, -3*b = -2*z - 10. Calculate the highest common factor of z and 1.
1
Suppose -2*l + 59 = s, -l + 3*s = -2 - 10. What is the greatest common factor of 108 and l?
27
Suppose -29*c - 3 = -32*c. Suppose 0*h + 9 = h. Calculate the greatest common divisor of h and c.
1
Suppose 0 = 5*b - 4 - 6. Suppose 0*k - 42 = -b*k. Calculate the highest common divisor of 3 and k.
3
Let t = -7 + 26. Suppose -t = -2*k + 11. Calculate the greatest common factor of k and 6.
3
Suppose 5 = -5*x, -2*h - 2*x = -4*h + 130. Suppose -12 = 4*v, -3*c - 99 = v - 0*v. Let p = h + c. What is the highest common divisor of p and 4?
4
Suppose 16*z = -3*r + 11*z + 13, 5*r - 31 = z. Calculate the greatest common divisor of 36 and r.
6
Suppose -4*y - y = -15. Suppose y*b - 135 = -54. Calculate the highest common divisor of 9 and b.
9
Let n(s) = s**3 - 8*s**2 - 9*s + 6. Let m be n(9). Suppose 2*l + f = 53, -5*l + 0*l - f = -125. What is the highest common factor of l and m?
6
Let q(a) = a**3 - 8*a**2 + 7*a + 2. Let b be q(7). Let p(z) = 4*z - 1. Let i be p(b). Calculate the highest common divisor of i and 21.
7
Let j be 893/8 - 12/(-32). What is the highest common factor of j and 32?
16
Let x = 26 + -23. What is the greatest common factor of 3 and x?
3
Let s be 2/2*(-2 - -5). Suppose s*g = 10 + 14. Let f = -9 - -25. Calculate the highest common divisor of g and f.
8
Let d be (-11 + 3)*6/(-4). What is the highest common factor of d and 12?
12
Suppose t - 14 + 9 = 0. Suppose -g + 4 = 0, -t*j + 10 = -3*g - 38. Calculate the greatest common factor of 24 and j.
12
Let h(y) = -1 - 1 + 1 + 14*y**2 + 9*y**2. Let z be h(-2). What is the highest common factor of z and 13?
13
Suppose -o - 2 + 4 = 0. What is the greatest common factor of o and 22?
2
Let x = 26 - 16. Let p = 77 + -45. Suppose -3*h + p = -43. What is the greatest common divisor of x and h?
5
Let n(x) = x**2 + 2*x - 1. Let q be n(-4). Suppose 4*s - 2*k = 70, -q*s + 98 = -2*s + k. What is the greatest common divisor of s and 209?
19
Let p = 6 - -2. Let s be (-2 - -3)/1 - -39. What is the highest common divisor of p and s?
8
Let d(p) = 3*p - 52. Let y be d(21). Calculate the highest common divisor of 55 and y.
11
Let p(w) = -w**2 - 20*w - 50. Let x be p(-16). Calculate the greatest common divisor of 42 and x.
14
Let w(s) = -s**3 + 9*s**2 + s + 2. Let z = -15 + 21. Let b be (-29)/(-3) + (-4)/z. Let l be w(b). What is the greatest common divisor of l and 1?
1
Suppose -2 - 36 = -2*w. Calculate the greatest common divisor of 171 and w.
19
Suppose -3*d + v + 33 = -2*v, -21 = -2*d + v. What is the greatest common divisor of d and 2?
2
Let i be 1 + 93/3*6. Let a = 9 + -7. Let t(m) = 4*m**2 + m - 1. Let x be t(a). Calculate the highest common divisor of i and x.
17
Suppose -4*r + 12 = -r. Calculate the highest common divisor of 44 and r.
4
Suppose 0 = 3*x + 2*u - 27, -4*u + 7*u = 2*x - 18. Calculate the greatest common factor of x and 99.
9
Let m be 3/(-2) + 18/4. Suppose 0*i - 371 = -5*i - 4*d, 297 = 4*i + m*d. Calculate the highest common factor of 30 and i.
15
Let k = -35 - -76. Suppose 4*w - 5 = -s + w, -2*w - 10 = 2*s. Let c = k - s. Calculate the highest common divisor of c and 34.
17
Suppose -2*x - 2*y = -0*x, 4 = 4*x + 5*y. Let q be (-290)/x*24/20. Calculate the greatest common divisor of q and 58.
29
Let n(c) = c**3 - 5*c**2 - 5*c + 7. Suppose 6*y = a + 2*y + 13, 0 = a - 5*y + 18. Let p be n(a). Calculate the highest common divisor of 14 and p.
14
Suppose 5*b + 350 - 1235 = -5*w, 5*w + b - 881 = 0. Let i = 34 - 22. Let u(p) = p + 4. Let m be u(i). What is the highest common divisor of w and m?
16
Let n be (0 - -25)*(-1)/(-1). Let a = n - 11. What is the highest common factor of 14 and a?
14
Let t(l) = l**2 + 9*l + 5. Let k be t(-9). Suppose 0 = k*w - 269 + 59. Let x = 13 + 8. Calculate the highest common divisor of w and x.
21
Let z = -23 + 47. Let l = 34 - z. What is the highest common divisor of 40 and l?
10
Let u = 5 - 10. Suppose -a - 1 = 0, 5*c + 4 = 4*a + 18. Let o = c - u. Calculate the highest common factor of 7 and o.
7
Suppose 5*h + 28 + 7 = 0. Let q(i) be the first derivative of -i**4/4 - 5*i**3/3 + 5*i**2/2 - 4. Let c be q(h). What is the greatest common divisor of 9 and c?
9
Let y be 162/(-4)*(-2)/3. Calculate the greatest common factor of y and 108.
27
Let c be ((-1)/(-2))/((-3)/(-6)). Suppose -c - 4 = 5*h. Let w(z) = 8*z**2 + z. Let p be w(h). Calculate the highest common divisor of 1 and p.
1
Let h(y) = y**3 - 1. Let z(b) = -3*b**3 - b**2 - 5. Let q(t) = -2*h(t) - z(t). Let s be q(0). What is the greatest common divisor of 77 and s?
7
Let v be 4 - (48/(-5) - 14/35). What is the greatest common divisor of v and 70?
14
Let v be 17 - 0 - (-2)/(-4 + 6). Calculate the highest common divisor of 144 and v.
18
Let l be (-232)/(-6) - 5/(-15). Calculate the highest common divisor of l and 26.
13
Suppose -4*h + z + 4 = 0, -3*h - 3*z = -7*z + 10. Let a be 53 + (h - 3) + 4. Calculate the greatest common factor of a and 8.
8
Suppose -6*n - 2 = -4*n. Let a = 2 - n. What is the highest common 